a factor of 3952320?
True
Is 301 a factor of 273468734?
True
Does 1519 divide 53142185?
False
Does 47 divide 1330752804?
False
Is 97733328 a multiple of 924?
True
Is 540 a factor of 431774280?
True
Is 3583 a factor of 97640333?
True
Is 22902645 a multiple of 465?
True
Does 117 divide 224141333?
False
Does 8778 divide 21393684?
False
Is 132 a factor of 127076136?
True
Is 29960829 a multiple of 711?
True
Is 134 a factor of 63021240?
False
Does 3 divide 1133737409?
False
Is 11 a factor of 890962765?
True
Does 472 divide 922042162?
False
Is 1905448107 a multiple of 20?
False
Is 7146482 a multiple of 2?
True
Does 124 divide 57841549?
False
Does 175 divide 340547550?
True
Is 19 a factor of 288435648?
False
Is 340 a factor of 11808880?
True
Does 22 divide 384163588?
False
Does 89 divide 177241987?
True
Does 31 divide 1663522?
True
Is 263759760 a multiple of 1836?
True
Is 437257918 a multiple of 157?
False
Is 2456356610 a multiple of 62?
True
Does 312 divide 13608192?
True
Is 109 a factor of 348069470?
False
Does 33 divide 125397183?
False
Does 17 divide 824786807?
True
Is 417 a factor of 22599315?
True
Is 47225705 a multiple of 458?
False
Is 10121113 a multiple of 9?
False
Does 24 divide 121774?
False
Is 2 a factor of 12909705?
False
Is 62 a factor of 24931632?
False
Is 96 a factor of 418195900?
False
Is 10611396 a multiple of 3?
True
Is 52 a factor of 159238092?
True
Is 3446 a factor of 548757715?
False
Is 189 a factor of 30624048?
True
Is 704 a factor of 172453952?
True
Is 12 a factor of 21645096?
True
Is 166660 a multiple of 26?
True
Is 10405 a factor of 1535132890?
True
Is 212588910 a multiple of 38?
True
Does 35 divide 10608885?
True
Is 95 a factor of 43179210?
True
Is 66582857 a multiple of 11?
True
Is 912 a factor of 80377210?
False
Does 1173 divide 386434883?
False
Is 507 a factor of 580565271?
False
Is 205363416 a multiple of 43?
False
Is 969 a factor of 27431248?
False
Does 121 divide 5247044?
True
Is 59 a factor of 1098189125?
True
Is 24 a factor of 425472?
True
Does 32 divide 8145259?
False
Is 116617819 a multiple of 8?
False
Is 415310837 a multiple of 815?
False
Is 488385 a multiple of 77?
False
Is 46205200 a multiple of 50?
True
Is 44 a factor of 422725864?
True
Is 3348 a factor of 924530112?
True
Is 458 a factor of 7739284?
True
Does 30 divide 7848180?
True
Is 68807596 a multiple of 44?
True
Is 1835 a factor of 1083729690?
False
Is 3514835 a multiple of 85?
True
Does 100 divide 4880280300?
True
Is 43443082 a multiple of 136?
False
Is 729 a factor of 90596475?
True
Is 401035123 a multiple of 210?
False
Is 39698934 a multiple of 75?
False
Is 730821728 a multiple of 91?
True
Does 509 divide 468725629?
False
Is 11100877 a multiple of 3?
False
Is 39 a factor of 20260344?
True
Is 22993861 a multiple of 685?
False
Is 2872845 a multiple of 8?
False
Does 344 divide 213442712?
True
Is 230881253 a multiple of 121?
False
Does 4 divide 269814335?
False
Is 28 a factor of 34642234?
False
Is 1905090426 a multiple of 598?
False
Does 117 divide 265675293?
True
Does 10 divide 19598280?
True
Is 694 a factor of 897768810?
True
Is 89975809 a multiple of 579?
False
Is 55 a factor of 597876840?
True
Does 8 divide 423341328?
True
Does 3 divide 1066736?
False
Does 103 divide 708679758?
True
Does 70 divide 88774140?
True
Is 1139 a factor of 141519568?
False
Does 12 divide 527239032?
True
Does 9 divide 454876982?
False
Is 7602076 a multiple of 1570?
False
Is 170 a factor of 36938585?
False
Does 40 divide 3063560?
True
Is 158731837 a multiple of 4?
False
Does 61 divide 29717784?
False
Does 8 divide 84540904?
True
Is 383369524 a multiple of 167?
False
Is 83449968 a multiple of 16?
True
Is 74081706 a multiple of 9?
False
Is 2435 a factor of 590774830?
True
Is 739847803 a multiple of 33?
False
Is 1071 a factor of 2007529729?
False
Is 34992316 a multiple of 1451?
True
Is 952392462 a multiple of 52?
False
Is 2793 a factor of 1756082832?
False
Is 7 a factor of 260273776?
True
Is 67 a factor of 117253400?
False
Is 26599674 a multiple of 166?
True
Is 4972 a factor of 1122126813?
False
Is 87935184 a multiple of 18?
True
Does 61 divide 83255176?
False
Is 50903180 a multiple of 3?
False
Is 525388 a multiple of 16?
False
Does 721 divide 62666436?
True
Is 4088820 a multiple of 15?
True
Does 26 divide 608827908?
True
Does 341 divide 373659959?
False
Is 132 a factor of 65723834?
False
Is 30 a factor of 103737581?
False
Is 175 a factor of 60856635?
False
Is 27457588 a multiple of 6?
False
Does 73 divide 228838283?
True
Is 7651379 a multiple of 16?
False
Is 2398635 a multiple of 3177?
True
Is 3575 a factor of 1841729175?
True
Is 809 a factor of 745168282?
True
Does 99 divide 14711796?
True
Does 8 divide 92031437?
False
Does 9 divide 751462454?
False
Does 85 divide 106166020?
True
Is 5659 a factor of 27287698?
True
Is 5099563917 a multiple of 2241?
False
Does 981 divide 8921214?
True
Does 235 divide 83139710?
True
Is 4 a factor of 18371878?
False
Is 11 a factor of 324750289?
False
Does 32 divide 80892544?
True
Does 3216 divide 1054563234?
False
Is 146688784 a multiple of 44?
True
Does 38 divide 127720121?
False
Does 3653 divide 671406788?
True
Is 131 a factor of 1537223?
False
Does 3342 divide 1049884910?
False
Is 651 a factor of 1500010113?
True
Does 7 divide 21704662?
True
Does 2634 divide 838847857?
False
Is 363 a factor of 1473608664?
True
Is 50 a factor of 545498?
False
Is 92 a factor of 22134668?
False
Is 76032624 a multiple of 12?
True
Is 50538368 a multiple of 83?
True
Is 110271586 a multiple of 9?
False
Does 20 divide 5494420?
True
Is 694 a factor of 82610412?
False
Does 309 divide 449612922?
True
Is 27004990 a multiple of 23?
True
Is 8 a factor of 2305921000?
True
Is 39 a factor of 6099088?
False
Does 4 divide 509394285?
False
Is 944 a factor of 365502640?
True
Is 67765128 a multiple of 102?
True
Is 405731590 a multiple of 10?
True
Is 521615373 a multiple of 182?
False
Does 1157 divide 334764066?
True
Is 58 a factor of 22571918?
True
Does 577 divide 272989086?
True
Does 45 divide 5528925?
True
Is 236 a factor of 39391940?
True
Is 18 a factor of 30745655?
False
Does 2182 divide 1012646980?
False
Does 5 divide 14303752?
False
Is 161 a factor of 934444?
True
Is 11 a factor of 391694872?
False
Is 1624950 a multiple of 75?
True
Does 11 divide 3023435?
False
Is 347 a factor of 57843512?
True
Does 8 divide 3517128?
True
Does 4 divide 885013749?
False
Does 9 divide 3140452514?
False
Is 1641 a factor of 59682724?
False
Is 419885705 a multiple of 2732?
False
Is 20 a factor of 147432980?
True
Is 940978080 a multiple of 290?
True
Is 26769740 a multiple of 620?
True
Is 1188050300 a multiple of 685?
True
Is 541 a factor of 156814069?
False
Is 14446821 a multiple of 221?
False
Is 3 a factor of 31556894?
False
Is 10 a factor of 3022020?
True
Is 132117393 a multiple of 15?
False
Is 30285761 a multiple of 56?
False
Is 148397425 a multiple of 2860?
False
Is 417173100 a multiple of 4430?
True
Is 48780930 a multiple of 33?
True
Is 68 a factor of 281369833?
False
Does 129 divide 142233626?
False
Does 13 divide 565013475?
True
Does 353 divide 32659154?
False
Is 13589400 a multiple of 870?
True
Does 1073 divide 2564305856?
False
Does 15 divide 1233990?
True
Is 226849270 a multiple of 10?
True
Does 223 divide 1528541861?
False
Is 766 a factor of 45763138?
True
Does 168 divide 1806181944?
True
Is 53901535 a multiple of 6?
False
Is 30 a factor of 720739410?
True
Is 83 a factor of 217918409?
True
Does 2 divide 1282947?
False
Does 93 divide 86862?
True
Is 5 a factor of 24140820?
True
Is 18679975 a multiple of 6?
False
Is 87966621 a multiple of 4?
False
Does 361 divide 162486461?
True
Does 32 divide 66057600?
True
Is 123600114 a multiple of 46?
True
Is 42270436 a multiple of 964?
True
Is 214 a factor of 8271100?
True
Is 46 a factor of 271636609?
False
Does 12 divide 172780944?
True
Is 24640218 a multiple of 408?
False
Is 644770321 a multiple of 259?
False
Is 60116906 a multiple of 6?
False
Does 25 divide 1197860842?
False
Is 1443 a factor of 595409217?
True
Is 1005078264 a multiple of 1006?
False
Is 30 a factor of 83415690?
True
Is 159 a factor of 52399722?
True
Does 5619 divide 4146490586?
False
Is 25132285 a multiple of 5?
True
Is 149757743 a multiple of 2?
False
Does 19 divide 247040004?
False